{"id":36820,"date":"2022-01-05T15:41:21","date_gmt":"2022-01-05T14:41:21","guid":{"rendered":"https:\/\/www.giff.ch\/archives\/2022\/?page_id=36820"},"modified":"2022-11-23T15:29:02","modified_gmt":"2022-11-23T14:29:02","slug":"le-festival","status":"publish","type":"page","link":"https:\/\/www.giff.ch\/archives\/2022\/le-festival\/","title":{"rendered":"LE FESTIVAL"},"content":{"rendered":"\n<p>Fond\u00e9 en 1995, le Geneva International Film Festival (GIFF) est le plus ancien festival genevois consacr\u00e9 au cin\u00e9ma et l\u2019un des premiers au monde \u00e0 avoir int\u00e9gr\u00e9 la t\u00e9l\u00e9vision dans ses programmes. Carrefour des genres et des disciplines, lieu d\u2019exp\u00e9rimentation, de rencontres et de f\u00eate, il propose chaque ann\u00e9e pendant dix jours, des films, des s\u00e9ries, des installations interactives et des \u0153uvres en r\u00e9alit\u00e9 virtuelle \u00e0 quelque 50\u2019000 festivalier\u00b7\u00e8re\u00b7s. Plus grand espace de Suisse d\u00e9di\u00e9 aux arts immersifs, le GIFF est devenu l\u2019un des \u00e9v\u00e9nements majeurs en Europe.<\/p>\n\n\n\n<p>Au c\u0153ur de la manifestation, se tient le&nbsp;<a href=\"https:\/\/www.giff.ch\/gdm\/\">Geneva Digital Market<\/a>, un rendez-vous unique en Suisse consacr\u00e9 \u00e0 l\u2019innovation audiovisuelle. Professionnel\u00b7le\u00b7s de l\u2019image, industriel\u00b7le\u00b7s et th\u00e9oricien\u00b7ne\u00b7s venu\u00b7e\u00b7s du monde entier s\u2019y rencontrent, d\u00e9battent et \u00e9changent sur ce qui fait l\u2019univers audiovisuel d\u2019aujourd\u2019hui et ce qui le traversera demain.<\/p>\n\n\n\n<p>Le GIFF est \u00e9galement actif tout au long de l\u2019ann\u00e9e \u00e0 travers son&nbsp;<a href=\"https:\/\/www.giff.ch\/agenda\/mediation\/\" target=\"_blank\" rel=\"noreferrer noopener\">programme de m\u00e9diation<\/a>&nbsp;et son&nbsp;<a href=\"https:\/\/www.giff.ch\/agenda\/giff-unlimited\/\">programme GIFF UNLIMITED<\/a> r\u00e9unissant chaque ann\u00e9e une s\u00e9rie d\u2019\u00e9v\u00e9nements organis\u00e9s en partenariat avec d\u2019autres institutions, festivals et march\u00e9s suisses et \u00e9trangers.<\/p>\n\n\n\n<p>Reconnu comme un acteur strat\u00e9gique du d\u00e9veloppement du secteur audiovisuel en Suisse, le GIFF b\u00e9n\u00e9ficie notamment du soutien de la Ville et de l\u2019\u00c9tat de Gen\u00e8ve, de l\u2019Office f\u00e9d\u00e9ral de la Culture, de la SRG SSR, de MEDIA Desk Suisse, Focal, SWISSPERFORM ainsi que de nombreux acteurs priv\u00e9s.&nbsp;<\/p>\n\n\n\n<p>Suivez le Festival sur&nbsp;<a href=\"https:\/\/www.facebook.com\/GenevaInternationalFilmFestivalGIFF\/\">facebook<\/a>,&nbsp;<a href=\"https:\/\/www.instagram.com\/giff.ch\/\">instagram<\/a>,&nbsp;<a href=\"https:\/\/twitter.com\/GIFF_ch\">twitter<\/a>&nbsp;et&nbsp;<a href=\"https:\/\/www.linkedin.com\/company\/festival-tous-ecrans\/mycompany\/\">linkedIn<\/a>.<\/p>\n\n\n\n<div style=\"height:30px\" aria-hidden=\"true\" class=\"wp-block-spacer\"><\/div>\n\n\n\n<div class=\"wp-block-group d-none\"><div class=\"wp-block-group__inner-container is-layout-flow wp-block-group-is-layout-flow\">\n<h2 class=\"wp-block-heading\">\u00e9DITOS<\/h2>\n\n\n<div class='row '><div class='col col-12 col-md-4'><img loading=\"lazy\" decoding=\"async\" width=\"675\" height=\"675\" src=\"https:\/\/www.giff.ch\/archives\/2022\/wp-content\/uploads\/2022\/10\/GM_fond-neutre_GILLES_MARCHAND_2019_C_THOMAS_PLAIN-edited-675x675.jpg\" class=\"img-fluid pb-3\" alt=\"GIFF 2022\" srcset=\"https:\/\/www.giff.ch\/archives\/2022\/wp-content\/uploads\/2022\/10\/GM_fond-neutre_GILLES_MARCHAND_2019_C_THOMAS_PLAIN-edited-675x675.jpg 675w, https:\/\/www.giff.ch\/archives\/2022\/wp-content\/uploads\/2022\/10\/GM_fond-neutre_GILLES_MARCHAND_2019_C_THOMAS_PLAIN-edited-150x150.jpg 150w, https:\/\/www.giff.ch\/archives\/2022\/wp-content\/uploads\/2022\/10\/GM_fond-neutre_GILLES_MARCHAND_2019_C_THOMAS_PLAIN-edited-206x206.jpg 206w, https:\/\/www.giff.ch\/archives\/2022\/wp-content\/uploads\/2022\/10\/GM_fond-neutre_GILLES_MARCHAND_2019_C_THOMAS_PLAIN-edited-308x308.jpg 308w, https:\/\/www.giff.ch\/archives\/2022\/wp-content\/uploads\/2022\/10\/GM_fond-neutre_GILLES_MARCHAND_2019_C_THOMAS_PLAIN-edited-855x855.jpg 855w, https:\/\/www.giff.ch\/archives\/2022\/wp-content\/uploads\/2022\/10\/GM_fond-neutre_GILLES_MARCHAND_2019_C_THOMAS_PLAIN-edited-1027x1026.jpg 1027w, https:\/\/www.giff.ch\/archives\/2022\/wp-content\/uploads\/2022\/10\/GM_fond-neutre_GILLES_MARCHAND_2019_C_THOMAS_PLAIN-edited-1351x1350.jpg 1351w, https:\/\/www.giff.ch\/archives\/2022\/wp-content\/uploads\/2022\/10\/GM_fond-neutre_GILLES_MARCHAND_2019_C_THOMAS_PLAIN-edited.jpg 1772w\" sizes=\"(max-width: 675px) 100vw, 675px\" \/><img loading=\"lazy\" decoding=\"async\" width=\"673\" height=\"675\" src=\"https:\/\/www.giff.ch\/archives\/2022\/wp-content\/uploads\/2022\/10\/PascalCrittin-edited-673x675.jpg\" class=\"img-fluid pb-3\" alt=\"GIFF 2022\" srcset=\"https:\/\/www.giff.ch\/archives\/2022\/wp-content\/uploads\/2022\/10\/PascalCrittin-edited-673x675.jpg 673w, https:\/\/www.giff.ch\/archives\/2022\/wp-content\/uploads\/2022\/10\/PascalCrittin-edited-150x150.jpg 150w, https:\/\/www.giff.ch\/archives\/2022\/wp-content\/uploads\/2022\/10\/PascalCrittin-edited-206x206.jpg 206w, https:\/\/www.giff.ch\/archives\/2022\/wp-content\/uploads\/2022\/10\/PascalCrittin-edited-307x308.jpg 307w, https:\/\/www.giff.ch\/archives\/2022\/wp-content\/uploads\/2022\/10\/PascalCrittin-edited-853x855.jpg 853w, https:\/\/www.giff.ch\/archives\/2022\/wp-content\/uploads\/2022\/10\/PascalCrittin-edited-1024x1026.jpg 1024w, https:\/\/www.giff.ch\/archives\/2022\/wp-content\/uploads\/2022\/10\/PascalCrittin-edited-1347x1350.jpg 1347w, https:\/\/www.giff.ch\/archives\/2022\/wp-content\/uploads\/2022\/10\/PascalCrittin-edited.jpg 1789w\" sizes=\"(max-width: 673px) 100vw, 673px\" \/><\/div><div class='col col-12 col-md-8'>\n<h2 class=\"wp-block-heading\">Gilles Marchand &amp; Pascal Crittin <\/h2>\n\n<h3 class=\"wp-block-heading\">Directeur g\u00e9n\u00e9ral de la SSR Directeur de la RTS<\/h3>\n\n<p><\/p>\n\n<p>Carrefour des genres et des disciplines audiovisuelles, le Geneva International Film Festival (GIFF) rassemble une nouvelle fois le public, professionnel ou passionn\u00e9, pour vivre et partager des \u00e9motions autour de cr\u00e9ations d\u2019ici et d\u2019ailleurs.<\/p>\n\n<p>Partenaires historiques du festival, la SSR et la RTS sont fi\u00e8res de perp\u00e9tuer leur soutien au GIFF. Le festival s\u2019est profil\u00e9 comme un rendez-vous incontournable des \u00e9critures num\u00e9riques. La SSR et la RTS elles aussi encouragent ces nouvelles formes audiovisuelles, et de mani\u00e8re plus engag\u00e9e encore \u00e0 travers la Fondation pour la cr\u00e9ation num\u00e9rique. Le 9 novembre, celle-ci pr\u00e9sentera ses intentions dans le cadre du Geneva Digital Market (GDM) et de la Nuit num\u00e9rique.<\/p>\n\n<p>Cette ann\u00e9e encore, nous avons le plaisir de vous proposer des s\u00e9ries en avant-premi\u00e8re : La vie Devant, les Enqu\u00eates de Ma\u00eblys et la deuxi\u00e8me saison de Tschugger. Sur Play Suisse, une s\u00e9lection de films du GIFF sera \u00e0 d\u00e9couvrir sur tous vos \u00e9crans. La RTS aura finalement le plaisir d\u2019accueillir, dans ses studios de Gen\u00e8ve, le GDM pour des rencontres professionnelles uniques en Suisse.<br>Nous nous r\u00e9jouissons de partager cette 28e \u00e9dition qui s\u2019annonce riche en d\u00e9couvertes.<\/p>\n<\/div><\/div>\n\n\n<div style=\"height:40px\" aria-hidden=\"true\" class=\"wp-block-spacer\"><\/div>\n\n\n<div class='row '><div class='col col-12 col-md-4'><img loading=\"lazy\" decoding=\"async\" width=\"675\" height=\"675\" src=\"https:\/\/www.giff.ch\/archives\/2022\/wp-content\/uploads\/2022\/10\/thierry_apotheloz-2-edited-675x675.jpg\" class=\"img-fluid pb-3\" alt=\"GIFF 2022\" srcset=\"https:\/\/www.giff.ch\/archives\/2022\/wp-content\/uploads\/2022\/10\/thierry_apotheloz-2-edited-675x675.jpg 675w, https:\/\/www.giff.ch\/archives\/2022\/wp-content\/uploads\/2022\/10\/thierry_apotheloz-2-edited-150x150.jpg 150w, https:\/\/www.giff.ch\/archives\/2022\/wp-content\/uploads\/2022\/10\/thierry_apotheloz-2-edited-206x206.jpg 206w, https:\/\/www.giff.ch\/archives\/2022\/wp-content\/uploads\/2022\/10\/thierry_apotheloz-2-edited-308x308.jpg 308w, https:\/\/www.giff.ch\/archives\/2022\/wp-content\/uploads\/2022\/10\/thierry_apotheloz-2-edited-855x855.jpg 855w, https:\/\/www.giff.ch\/archives\/2022\/wp-content\/uploads\/2022\/10\/thierry_apotheloz-2-edited-1026x1026.jpg 1026w, https:\/\/www.giff.ch\/archives\/2022\/wp-content\/uploads\/2022\/10\/thierry_apotheloz-2-edited-1350x1350.jpg 1350w\" sizes=\"(max-width: 675px) 100vw, 675px\" \/><\/div><div class='col col-12 col-md-8'>\n<h2 class=\"wp-block-heading\">Thierry Apoth\u00e9loz<\/h2>\n\n<h3 class=\"wp-block-heading\">Conseiller d&rsquo;Etat charg\u00e9 du d\u00e9partement de la coh\u00e9sion sociale<\/h3>\n\n<p>Chaque ann\u00e9e le GIFF se positionne un peu plus comme une plateforme incontournable en mati\u00e8re d&rsquo;\u00e9changes et d&rsquo;exp\u00e9rimentation pour le public et les professionnels. Dans un monde en perp\u00e9tuel mouvement, le GIFF est aussi un pr\u00e9cieux outil de la compr\u00e9hension des enjeux de la cr\u00e9ation num\u00e9rique et ils sont nombreux. Dans cette logique, le canton de Gen\u00e8ve soutient le volet professionnel du festival, le Geneva Digital Market, afin de poursuivre l&rsquo;accompagnement et le renforcement du d\u00e9veloppement des industries cr\u00e9atives en Suisse et en Europe. C&rsquo;est aussi dans la perspective de soutenir les cr\u00e9atrices et cr\u00e9ateurs de la branche que le canton apporte une contribution financi\u00e8re \u00e0 la programmation du GIFF Unlimited, qui se d\u00e9ploie \u00e0 l&rsquo;international tout au long de l&rsquo;ann\u00e9e, ainsi qu&rsquo;aux trois reflets d&rsquo;or remis conjointement avec la Ville de Gen\u00e8ve. C&rsquo;est cette approche, incluant tous les maillons de la recherche et de la production culturelle, que je d\u00e9fends afin que Gen\u00e8ve puisse pleinement jouer son r\u00f4le de carrefour des id\u00e9es et de l&rsquo;innovation.<\/p>\n<\/div><\/div>\n\n\n<div style=\"height:40px\" aria-hidden=\"true\" class=\"wp-block-spacer\"><\/div>\n\n\n<div class='row '><div class='col col-12 col-md-4'><img loading=\"lazy\" decoding=\"async\" width=\"672\" height=\"675\" src=\"https:\/\/www.giff.ch\/archives\/2022\/wp-content\/uploads\/2022\/10\/mairie-sami-kanaan_03-edited-672x675.jpg\" class=\"img-fluid pb-3\" alt=\"GIFF 2022\" srcset=\"https:\/\/www.giff.ch\/archives\/2022\/wp-content\/uploads\/2022\/10\/mairie-sami-kanaan_03-edited-672x675.jpg 672w, https:\/\/www.giff.ch\/archives\/2022\/wp-content\/uploads\/2022\/10\/mairie-sami-kanaan_03-edited-150x150.jpg 150w, https:\/\/www.giff.ch\/archives\/2022\/wp-content\/uploads\/2022\/10\/mairie-sami-kanaan_03-edited-205x206.jpg 205w, https:\/\/www.giff.ch\/archives\/2022\/wp-content\/uploads\/2022\/10\/mairie-sami-kanaan_03-edited-307x308.jpg 307w, https:\/\/www.giff.ch\/archives\/2022\/wp-content\/uploads\/2022\/10\/mairie-sami-kanaan_03-edited-851x855.jpg 851w, https:\/\/www.giff.ch\/archives\/2022\/wp-content\/uploads\/2022\/10\/mairie-sami-kanaan_03-edited-1021x1026.jpg 1021w, https:\/\/www.giff.ch\/archives\/2022\/wp-content\/uploads\/2022\/10\/mairie-sami-kanaan_03-edited-1344x1350.jpg 1344w\" sizes=\"(max-width: 672px) 100vw, 672px\" \/><\/div><div class='col col-12 col-md-8'>\n<h2 class=\"wp-block-heading\">Sami Kanaan<\/h2>\n\n<h3 class=\"wp-block-heading\">Conseiller administratif en charge du D\u00e9partement de la culture et de la transition num\u00e9rique<\/h3>\n\n<p>Un festival ? Une plate-forme ? Un centre n\u00e9vralgique ? Le Geneva international film festival (GIFF), c\u2019est tout cela, et plus encore. C\u2019est un temps ouvert aux exp\u00e9riences, \u00e0 la plong\u00e9e dans le monde des arts immersifs, \u00e0 la d\u00e9couverte du mariage entre art et technologie de pointe.<br>En ce d\u00e9but de mois de novembre, il revient avec une programmation que l\u2019on doit, dans son ensemble, \u00e0 sa directrice Ana\u00efs Emery. Sa premi\u00e8re \u00e9dition hors des griffes du coronavirus. Mais une \u00e9dition marqu\u00e9e par le d\u00e9veloppement acc\u00e9l\u00e9r\u00e9 des nouvelles technologies, cons\u00e9quence de cette pand\u00e9mie.<\/p>\n\n<p>Le GIFF poursuit donc sa route, accompagn\u00e9 par le nouveau P\u00f4le de cr\u00e9ation num\u00e9rique de la RTS, le Plaza qui dessine son futur, et Dreamscape ouvert durant l\u2019\u00e9t\u00e9. Pionnier en la mati\u00e8re, le GIFF est aujourd\u2019hui une pi\u00e8ce centrale de la construction d\u2019une Gen\u00e8ve innovante et cr\u00e9ative en la mati\u00e8re, une Gen\u00e8ve qui assoit, sur la sc\u00e8ne internationale, son savoir-faire et ses comp\u00e9tences en la mati\u00e8re.<\/p>\n\n<p>Bon festival !<\/p>\n<\/div><\/div>\n\n\n<div style=\"height:40px\" aria-hidden=\"true\" class=\"wp-block-spacer\"><\/div>\n\n\n\n<h2 class=\"wp-block-heading\">\u00e9ditos du Geneva digital market<\/h2>\n\n\n<div class='row '><div class='col col-12 col-md-4'><img loading=\"lazy\" decoding=\"async\" width=\"672\" height=\"675\" src=\"https:\/\/www.giff.ch\/archives\/2022\/wp-content\/uploads\/2022\/10\/corinna-marschall-278-edited-672x675.jpg\" class=\"img-fluid pb-3\" alt=\"GIFF 2022\" srcset=\"https:\/\/www.giff.ch\/archives\/2022\/wp-content\/uploads\/2022\/10\/corinna-marschall-278-edited-672x675.jpg 672w, https:\/\/www.giff.ch\/archives\/2022\/wp-content\/uploads\/2022\/10\/corinna-marschall-278-edited-150x150.jpg 150w, https:\/\/www.giff.ch\/archives\/2022\/wp-content\/uploads\/2022\/10\/corinna-marschall-278-edited-205x206.jpg 205w, https:\/\/www.giff.ch\/archives\/2022\/wp-content\/uploads\/2022\/10\/corinna-marschall-278-edited-307x308.jpg 307w, https:\/\/www.giff.ch\/archives\/2022\/wp-content\/uploads\/2022\/10\/corinna-marschall-278-edited-852x855.jpg 852w, https:\/\/www.giff.ch\/archives\/2022\/wp-content\/uploads\/2022\/10\/corinna-marschall-278-edited.jpg 980w\" sizes=\"(max-width: 672px) 100vw, 672px\" \/><\/div><div class='col col-12 col-md-8'>\n<h2 class=\"wp-block-heading\"><strong>Corinna Marschall<\/strong><\/h2>\n\n<h3 class=\"wp-block-heading\">Directrice de MEDIA Desk Suisse<\/h3>\n\n<p>Du film aux installations num\u00e9riques, en passant par les mondes immersifs, et la finance d\u00e9centralis\u00e9e \u2013 des diff\u00e9rents types de r\u00e9cits aux espaces imaginaires, ou encore les outils fiables et transparents de partage des droits : le Geneva Digital Market (GDM) est l&rsquo;\u00e9v\u00e9nement en Suisse qui vise \u00e0 rassembler les professionnel\u00b7le\u00b7s de tous ces domaines, et au-del\u00e0 des fronti\u00e8res. Le GDM tente de transformer des mots \u00e0 la mode en rencontres r\u00e9elles entre vous et moi, entre cr\u00e9ateur\u00b7trice\u00b7s, producteur\u00b7trice\u00b7s et technicien\u00b7ne\u00b7s.<\/p>\n\n<p>J&rsquo;esp\u00e8re que le soutien renouvel\u00e9 des mesures compensatoires MEDIA au GDM contribuera \u00e0 ce qu&rsquo;un grand nombre d'\u00a0\u00bbid\u00e9es fassent l&rsquo;amour\u00a0\u00bb, selon l&rsquo;expression c\u00e9l\u00e8bre de Matt Ridley : c&rsquo;est ainsi que l&rsquo;innovation commence.<\/p>\n\n<p>Restez curieux\u00b7ses !<\/p>\n<\/div><\/div><\/div><\/div>\n\n\n\n<hr class=\"wp-block-separator has-alpha-channel-opacity\"\/>\n\n\n\n<h3 class=\"wp-block-heading\">MEDIAS KIT<\/h3>\n\n\n\n<p><a href=\"https:\/\/www.giff.ch\/archives\/2022\/wp-content\/uploads\/2022\/07\/Logos.zip\" target=\"_blank\" rel=\"noreferrer noopener\">Download the logos<\/a><\/p>\n\n\n\n<p><a href=\"https:\/\/www.giff.ch\/archives\/2022\/wp-content\/uploads\/2022\/07\/Affiches_2022.zip\" target=\"_blank\" rel=\"noreferrer noopener\">Download the posters<\/a><\/p>\n\n\n\n<hr class=\"wp-block-separator has-alpha-channel-opacity\"\/>\n\n\n\n<div style=\"height:30px\" aria-hidden=\"true\" class=\"wp-block-spacer\"><\/div>\n\n\n\n<h2 class=\"wp-block-heading\">\u00c9DITOS<\/h2>\n\n\n<div class='row '><div class='col col-12 col-md-4'><img loading=\"lazy\" decoding=\"async\" width=\"675\" height=\"675\" src=\"https:\/\/www.giff.ch\/archives\/2022\/wp-content\/uploads\/2022\/10\/774155_normal-675x675.jpg\" class=\"img-fluid pb-3\" alt=\"Who&#039;s who, Ana\u00efs Emery, GIFF 2021\" srcset=\"https:\/\/www.giff.ch\/archives\/2022\/wp-content\/uploads\/2022\/10\/774155_normal-675x675.jpg 675w, https:\/\/www.giff.ch\/archives\/2022\/wp-content\/uploads\/2022\/10\/774155_normal-150x150.jpg 150w, https:\/\/www.giff.ch\/archives\/2022\/wp-content\/uploads\/2022\/10\/774155_normal-206x206.jpg 206w, https:\/\/www.giff.ch\/archives\/2022\/wp-content\/uploads\/2022\/10\/774155_normal-308x308.jpg 308w, https:\/\/www.giff.ch\/archives\/2022\/wp-content\/uploads\/2022\/10\/774155_normal-855x855.jpg 855w, https:\/\/www.giff.ch\/archives\/2022\/wp-content\/uploads\/2022\/10\/774155_normal-1026x1026.jpg 1026w, https:\/\/www.giff.ch\/archives\/2022\/wp-content\/uploads\/2022\/10\/774155_normal-1350x1350.jpg 1350w\" sizes=\"(max-width: 675px) 100vw, 675px\" \/><\/div><div class='col col-12 col-md-8'>\n<h2 class=\"wp-block-heading\">ANA\u00cfS EMERY<\/h2>\n\n<h3 class=\"wp-block-heading\">directrice g\u00e9n\u00e9rale et artistique du GIFF<\/h3>\n\n<p>Avec sa s\u00e9lection convergente qui met le cin\u00e9ma en regard d\u2019autres formats, le GIFF se positionne comme un festival de culture audiovisuelle au sens large. L\u2019\u00e9v\u00e9nement piste les nouvelles possibilit\u00e9s offertes \u00e0 la fiction par les technologies de l\u2019image au travers d\u2019une compr\u00e9hension inclusive du 7\u00e8me art.<\/p>\n\n<p>La diversit\u00e9 et l\u2019audace de notre programme font \u00e9voluer notre compr\u00e9hension de la pl\u00e9thorique offre actuelle. Il m\u00e8ne l\u00e0 o\u00f9 les recommandations et algorithmes traditionnels ne peuvent pas mener. C\u2019est une proposition unique que j\u2019esp\u00e8re inspirante et ludique.<\/p>\n\n<p>Le Geneva Digital Market- seul march\u00e9 ax\u00e9 sur l\u2019innovation audiovisuelle en Suisse- prolonge cette approche dans le domaine industriel. Ses conf\u00e9rences et formations continues apportent un \u00e9clairage sur les enjeux et les d\u00e9veloppements des industries cr\u00e9atives alors que notre march\u00e9 foisonne d\u2019opportunit\u00e9s concr\u00e8tes pour la sc\u00e8ne suisse et internationale. La constellation GIFF offre la possibilit\u00e9 d\u2019exp\u00e9rimenter le pouls de la cr\u00e9ation contemporaine par soi-m\u00eame, d\u2019y prendre part\u2026un nouveau champ des possibles pour nos publics.<\/p>\n\n<p><\/p>\n<\/div><\/div>\n\n\n<div style=\"height:41px\" aria-hidden=\"true\" class=\"wp-block-spacer\"><\/div>\n","protected":false},"excerpt":{"rendered":"<p>Fond\u00e9 en 1995, le Geneva International Film Festival (GIFF) est le plus ancien festival genevois consacr\u00e9 au cin\u00e9ma et l\u2019un des premiers au monde \u00e0 avoir int\u00e9gr\u00e9 la t\u00e9l\u00e9vision dans ses programmes. Carrefour des genres et des disciplines, lieu d\u2019exp\u00e9rimentation, de rencontres et de f\u00eate, il propose chaque ann\u00e9e pendant dix jours, des films, des [&hellip;]<\/p>\n","protected":false},"author":1,"featured_media":0,"parent":0,"menu_order":0,"comment_status":"closed","ping_status":"closed","template":"","meta":{"footnotes":""},"acf":[],"_links":{"self":[{"href":"https:\/\/www.giff.ch\/archives\/2022\/wp-json\/wp\/v2\/pages\/36820"}],"collection":[{"href":"https:\/\/www.giff.ch\/archives\/2022\/wp-json\/wp\/v2\/pages"}],"about":[{"href":"https:\/\/www.giff.ch\/archives\/2022\/wp-json\/wp\/v2\/types\/page"}],"author":[{"embeddable":true,"href":"https:\/\/www.giff.ch\/archives\/2022\/wp-json\/wp\/v2\/users\/1"}],"replies":[{"embeddable":true,"href":"https:\/\/www.giff.ch\/archives\/2022\/wp-json\/wp\/v2\/comments?post=36820"}],"version-history":[{"count":2,"href":"https:\/\/www.giff.ch\/archives\/2022\/wp-json\/wp\/v2\/pages\/36820\/revisions"}],"predecessor-version":[{"id":46311,"href":"https:\/\/www.giff.ch\/archives\/2022\/wp-json\/wp\/v2\/pages\/36820\/revisions\/46311"}],"wp:attachment":[{"href":"https:\/\/www.giff.ch\/archives\/2022\/wp-json\/wp\/v2\/media?parent=36820"}],"curies":[{"name":"wp","href":"https:\/\/api.w.org\/{rel}","templated":true}]}}