{"id":5543,"date":"2021-09-28T10:22:19","date_gmt":"2021-09-28T08:22:19","guid":{"rendered":"https:\/\/giff.daisybell.ch\/?page_id=5543"},"modified":"2022-12-13T09:26:44","modified_gmt":"2022-12-13T08:26:44","slug":"cercle-giff","status":"publish","type":"page","link":"https:\/\/www.giff.ch\/archives\/2023\/le-festival\/cercle-giff\/","title":{"rendered":"M\u00e9c\u00e8nes"},"content":{"rendered":"\n<p>Rejoignez le Cercle GIFF et plongez au c\u0153ur de l&rsquo;innovation artistique en profitant d\u2019un acc\u00e8s privil\u00e9gi\u00e9, d\u2019une programmation exclusive et de connexions in\u00e9dites.<\/p>\n\n\n\n<div style=\"height:30px\" aria-hidden=\"true\" class=\"wp-block-spacer\"><\/div>\n\n\n\n<h2 class=\"wp-block-heading\">\u00eatre m\u00e9c\u00e8ne pour le giff, C\u2019EST :<\/h2>\n\n\n\n<ul>\n<li>Soutenir le futur du Festival et de l\u2019innovation num\u00e9rique<\/li>\n\n\n\n<li>Exp\u00e9rimenter le meilleur du 7e art et de la cr\u00e9ation digitale<\/li>\n\n\n\n<li>Encourager la diffusion d\u2019\u0153uvres audiovisuelles suisses et internationales<\/li>\n\n\n\n<li>Promouvoir les programmes de sensibilisation aux technologies immersives<\/li>\n\n\n\n<li>Renforcer l\u2019\u00e9conomie locale en associant votre image \u00e0 celle du GIFF<\/li>\n<\/ul>\n\n\n\n<div style=\"height:31px\" aria-hidden=\"true\" class=\"wp-block-spacer\"><\/div>\n\n\n\n<h3 class=\"wp-block-heading\">AVANTAGES FISCAUX<\/h3>\n\n\n\n<p>La Fondation du GIFF est reconnue d\u2019utilit\u00e9 publique,<br>le montant de votre donation est ainsi d\u00e9ductible des imp\u00f4ts.<\/p>\n\n\n\n<div style=\"height:30px\" aria-hidden=\"true\" class=\"wp-block-spacer\"><\/div>\n\n\n\n<hr class=\"wp-block-separator has-alpha-channel-opacity\"\/>\n\n\n\n<div style=\"height:30px\" aria-hidden=\"true\" class=\"wp-block-spacer\"><\/div>\n\n\n\n<h3 class=\"wp-block-heading\">CONTACT &amp; INFOS<\/h3>\n\n\n\n<p><strong>Coordonn\u00e9es bancaires<\/strong><br>Fondation GIFF<br>IBAN CH76 0900 0000 1520 0844 8 <br>1204 Gen\u00e8ve<\/p>\n\n\n\n<p><strong>Contact<\/strong><br>Lydia Frost<br>Responsable recherche de fonds et partenariats<br><a href=\"mailto:lydia.frost@giff.ch\">lydia.frost@giff.ch<\/a><br>+41 (0)22 809 69 20 \/ www.giff.ch<\/p>\n","protected":false},"excerpt":{"rendered":"<p>Rejoignez le Cercle GIFF et plongez au c\u0153ur de l&rsquo;innovation artistique en profitant d\u2019un acc\u00e8s privil\u00e9gi\u00e9, d\u2019une programmation exclusive et de connexions in\u00e9dites. \u00eatre m\u00e9c\u00e8ne pour le giff, C\u2019EST : AVANTAGES FISCAUX La Fondation du GIFF est reconnue d\u2019utilit\u00e9 publique,le montant de votre donation est ainsi d\u00e9ductible des imp\u00f4ts. CONTACT &amp; INFOS Coordonn\u00e9es bancairesFondation GIFFIBAN [&hellip;]<\/p>\n","protected":false},"author":1,"featured_media":0,"parent":36820,"menu_order":1,"comment_status":"closed","ping_status":"closed","template":"","meta":{"footnotes":""},"acf":[],"_links":{"self":[{"href":"https:\/\/www.giff.ch\/archives\/2023\/wp-json\/wp\/v2\/pages\/5543"}],"collection":[{"href":"https:\/\/www.giff.ch\/archives\/2023\/wp-json\/wp\/v2\/pages"}],"about":[{"href":"https:\/\/www.giff.ch\/archives\/2023\/wp-json\/wp\/v2\/types\/page"}],"author":[{"embeddable":true,"href":"https:\/\/www.giff.ch\/archives\/2023\/wp-json\/wp\/v2\/users\/1"}],"replies":[{"embeddable":true,"href":"https:\/\/www.giff.ch\/archives\/2023\/wp-json\/wp\/v2\/comments?post=5543"}],"version-history":[{"count":3,"href":"https:\/\/www.giff.ch\/archives\/2023\/wp-json\/wp\/v2\/pages\/5543\/revisions"}],"predecessor-version":[{"id":46539,"href":"https:\/\/www.giff.ch\/archives\/2023\/wp-json\/wp\/v2\/pages\/5543\/revisions\/46539"}],"up":[{"embeddable":true,"href":"https:\/\/www.giff.ch\/archives\/2023\/wp-json\/wp\/v2\/pages\/36820"}],"wp:attachment":[{"href":"https:\/\/www.giff.ch\/archives\/2023\/wp-json\/wp\/v2\/media?parent=5543"}],"curies":[{"name":"wp","href":"https:\/\/api.w.org\/{rel}","templated":true}]}}